{"id":341,"date":"2025-04-23T16:17:45","date_gmt":"2025-04-23T20:17:45","guid":{"rendered":"https:\/\/revista.conr-bo.com\/revconr\/?page_id=341"},"modified":"2025-04-23T16:17:47","modified_gmt":"2025-04-23T20:17:47","slug":"contacto","status":"publish","type":"page","link":"https:\/\/revista.conr-bo.com\/revconr\/contacto\/","title":{"rendered":"Contacto"},"content":{"rendered":"\n<main class=\"wp-block-group has-gradient-1-gradient-background has-background has-global-padding is-layout-constrained wp-block-group-is-layout-constrained\" style=\"margin-top:0;margin-bottom:0;padding-top:var(--wp--preset--spacing--50);padding-bottom:var(--wp--preset--spacing--50)\">\n<div class=\"wp-block-columns are-vertically-aligned-center is-layout-flex wp-container-core-columns-is-layout-7fc3d43a wp-block-columns-is-layout-flex\">\n<div class=\"wp-block-column is-vertically-aligned-center wow animate__animated animate__fadeInUp is-layout-flow wp-block-column-is-layout-flow\">\n<div class=\"wp-block-cover has-custom-content-position is-position-bottom-right has-hover-effect remove-duotone has-border-color\" style=\"border-color:#fafafa6e;border-width:3px;border-radius:8px;min-height:784px;aspect-ratio:unset;\"><img loading=\"lazy\" decoding=\"async\" width=\"845\" height=\"1024\" class=\"wp-block-cover__image-background wp-image-41 size-large\" alt=\"\" src=\"https:\/\/revista.conr-bo.com\/revconr\/wp-content\/uploads\/2025\/03\/CONR-logo-1-845x1024.png\" data-object-fit=\"cover\" srcset=\"https:\/\/revista.conr-bo.com\/revconr\/wp-content\/uploads\/2025\/03\/CONR-logo-1-845x1024.png 845w, https:\/\/revista.conr-bo.com\/revconr\/wp-content\/uploads\/2025\/03\/CONR-logo-1-248x300.png 248w, https:\/\/revista.conr-bo.com\/revconr\/wp-content\/uploads\/2025\/03\/CONR-logo-1-768x931.png 768w, https:\/\/revista.conr-bo.com\/revconr\/wp-content\/uploads\/2025\/03\/CONR-logo-1-1268x1536.png 1268w, https:\/\/revista.conr-bo.com\/revconr\/wp-content\/uploads\/2025\/03\/CONR-logo-1-1690x2048.png 1690w\" sizes=\"auto, (max-width: 845px) 100vw, 845px\" \/><span aria-hidden=\"true\" class=\"wp-block-cover__background has-background-dim wp-block-cover__gradient-background has-background-gradient has-gradient-1-gradient-background\"><\/span><div class=\"wp-block-cover__inner-container has-global-padding is-layout-constrained wp-block-cover-is-layout-constrained\">\n<figure class=\"wp-block-image alignright size-full is-resized\"><a href=\"#\"><img decoding=\"async\" src=\"https:\/\/revista.conr-bo.com\/revconr\/wp-content\/themes\/biz-flick\/assets\/images\/arrow.png\" alt=\"\" class=\"wp-image-7\" style=\"width:65px\"\/><\/a><\/figure>\n<\/div><\/div>\n<\/div>\n\n\n\n<div class=\"wp-block-column is-vertically-aligned-center wow animate__animated animate__fadeInUp is-layout-flow wp-block-column-is-layout-flow\">\n<h2 class=\"wp-block-heading has-text-align-left has-heading-extra-style has-base-2-color has-text-color has-link-color wp-elements-d958ed108cc0fd63be2991ce9f715d21\" style=\"font-size:clamp(25.014px, 1.563rem + ((1vw - 3.2px) * 1.573), 42px);font-style:normal;font-weight:900;line-height:1.4\"><mark style=\"background-color:rgba(0, 0, 0, 0)\" class=\"has-inline-color has-custom-secondary-color\">Contacto Principal<\/mark><\/h2>\n\n\n\n<p class=\"has-text-align-left\">Manuel G. Loza Murgu\u00eda Ph.D<\/p>\n\n\n\n<p><strong>Tel\u00e9fono&nbsp;<\/strong>75214458<\/p>\n\n\n\n<p class=\"has-text-align-left\"><a href=\"mailto:editor.conr@uacucb.edu.bo\">editor.conr@uacucb.edu.bo<\/a><\/p>\n\n\n\n<p class=\"has-text-align-left has-heading-extra-style has-base-2-color has-text-color has-link-color wp-elements-9150ef2db53f7cc875eace6197402c56\" style=\"font-size:clamp(25.014px, 1.563rem + ((1vw - 3.2px) * 1.573), 42px);font-style:normal;font-weight:900;line-height:1.4\">Contacto de Soporte<\/p>\n\n\n\n<p class=\"has-text-align-left\">Jose Luis Mamani Choque<\/p>\n\n\n\n<p><strong>Tel\u00e9fono&nbsp;<\/strong>67304957<\/p>\n\n\n\n<p class=\"has-text-align-left\"><a href=\"mailto:joseluismch2403@gmail.com\">joseluismch2403@gmail.com<\/a><\/p>\n\n\n\n<div class=\"wp-block-buttons is-content-justification-left is-layout-flex wp-container-core-buttons-is-layout-63087798 wp-block-buttons-is-layout-flex\" style=\"padding-top:var(--wp--preset--spacing--20);padding-bottom:0\">\n<div class=\"wp-block-button has-arrow-right\"><a class=\"wp-block-button__link has-gradient-2-gradient-background has-background wp-element-button\" style=\"border-style:none;border-width:0px;border-radius:6px;padding-top:var(--wp--preset--spacing--10);padding-right:var(--wp--preset--spacing--30);padding-bottom:var(--wp--preset--spacing--10);padding-left:var(--wp--preset--spacing--30)\">Explore Now <img decoding=\"async\" class=\"wp-image-7\" style=\"width: 16px;\" src=\"https:\/\/revista.conr-bo.com\/revconr\/wp-content\/themes\/biz-flick\/assets\/images\/arrow.png\" alt=\"\"><\/a><\/div>\n\n\n\n<div class=\"wp-block-button has-arrow-right\"><a class=\"wp-block-button__link has-base-2-color has-gradient-3-gradient-background has-text-color has-background has-link-color wp-element-button\" style=\"border-style:none;border-width:0px;border-radius:6px;padding-top:var(--wp--preset--spacing--10);padding-right:var(--wp--preset--spacing--30);padding-bottom:var(--wp--preset--spacing--10);padding-left:var(--wp--preset--spacing--30)\">Call Us <img decoding=\"async\" class=\"wp-image-7\" style=\"width: 16px;\" src=\"https:\/\/revista.conr-bo.com\/revconr\/wp-content\/themes\/biz-flick\/assets\/images\/arrow.png\" alt=\"\"><\/a><\/div>\n<\/div>\n<\/div>\n<\/div>\n<\/main>\n","protected":false},"excerpt":{"rendered":"<p>Contacto Principal Manuel G. Loza Murgu\u00eda Ph.D Tel\u00e9fono&nbsp;75214458 editor.conr@uacucb.edu.bo Contacto de Soporte Jose Luis Mamani Choque Tel\u00e9fono&nbsp;67304957 joseluismch2403@gmail.com<\/p>\n","protected":false},"author":1,"featured_media":0,"parent":0,"menu_order":0,"comment_status":"closed","ping_status":"closed","template":"","meta":{"pagelayer_contact_templates":[],"_pagelayer_content":"","footnotes":""},"wf_page_folders":[],"class_list":["post-341","page","type-page","status-publish","hentry"],"_links":{"self":[{"href":"https:\/\/revista.conr-bo.com\/revconr\/wp-json\/wp\/v2\/pages\/341","targetHints":{"allow":["GET"]}}],"collection":[{"href":"https:\/\/revista.conr-bo.com\/revconr\/wp-json\/wp\/v2\/pages"}],"about":[{"href":"https:\/\/revista.conr-bo.com\/revconr\/wp-json\/wp\/v2\/types\/page"}],"author":[{"embeddable":true,"href":"https:\/\/revista.conr-bo.com\/revconr\/wp-json\/wp\/v2\/users\/1"}],"replies":[{"embeddable":true,"href":"https:\/\/revista.conr-bo.com\/revconr\/wp-json\/wp\/v2\/comments?post=341"}],"version-history":[{"count":1,"href":"https:\/\/revista.conr-bo.com\/revconr\/wp-json\/wp\/v2\/pages\/341\/revisions"}],"predecessor-version":[{"id":345,"href":"https:\/\/revista.conr-bo.com\/revconr\/wp-json\/wp\/v2\/pages\/341\/revisions\/345"}],"wp:attachment":[{"href":"https:\/\/revista.conr-bo.com\/revconr\/wp-json\/wp\/v2\/media?parent=341"}],"wp:term":[{"taxonomy":"wf_page_folders","embeddable":true,"href":"https:\/\/revista.conr-bo.com\/revconr\/wp-json\/wp\/v2\/wf_page_folders?post=341"}],"curies":[{"name":"wp","href":"https:\/\/api.w.org\/{rel}","templated":true}]}}