{"id":372,"date":"2025-04-24T10:28:00","date_gmt":"2025-04-24T14:28:00","guid":{"rendered":"https:\/\/revista.conr-bo.com\/revconr\/?page_id=372"},"modified":"2025-04-26T13:13:35","modified_gmt":"2025-04-26T17:13:35","slug":"publicado-diciembre-2024","status":"publish","type":"page","link":"https:\/\/revista.conr-bo.com\/revconr\/publicado-diciembre-2024\/","title":{"rendered":"Publicado \u2013 Junio 2023"},"content":{"rendered":"\n<main class=\"wp-block-group has-gradient-1-gradient-background has-background has-global-padding is-layout-constrained wp-container-core-group-is-layout-54e30b29 wp-block-group-is-layout-constrained\" style=\"margin-top:0;margin-bottom:0;padding-top:0;padding-right:var(--wp--preset--spacing--10);padding-bottom:0;padding-left:var(--wp--preset--spacing--10)\">\n<div class=\"wp-block-columns are-vertically-aligned-center is-layout-flex wp-container-core-columns-is-layout-7fc3d43a wp-block-columns-is-layout-flex\">\n<div class=\"wp-block-column is-vertically-aligned-center wow animate__animated animate__fadeInUp is-layout-flow wp-block-column-is-layout-flow\">\n<div class=\"wp-block-cover has-custom-content-position is-position-bottom-right has-hover-effect remove-duotone has-border-color\" style=\"border-color:#fafafa6e;border-width:3px;border-radius:8px;min-height:816px;aspect-ratio:unset;\"><img loading=\"lazy\" decoding=\"async\" width=\"793\" height=\"1024\" class=\"wp-block-cover__image-background wp-image-107 size-large\" alt=\"\" src=\"https:\/\/revista.conr-bo.com\/revconr\/wp-content\/uploads\/2025\/03\/VOL-5-NUM-1-2023-UL-793x1024.jpg\" data-object-fit=\"cover\" srcset=\"https:\/\/revista.conr-bo.com\/revconr\/wp-content\/uploads\/2025\/03\/VOL-5-NUM-1-2023-UL-793x1024.jpg 793w, https:\/\/revista.conr-bo.com\/revconr\/wp-content\/uploads\/2025\/03\/VOL-5-NUM-1-2023-UL-232x300.jpg 232w, https:\/\/revista.conr-bo.com\/revconr\/wp-content\/uploads\/2025\/03\/VOL-5-NUM-1-2023-UL-768x992.jpg 768w, https:\/\/revista.conr-bo.com\/revconr\/wp-content\/uploads\/2025\/03\/VOL-5-NUM-1-2023-UL-1189x1536.jpg 1189w, https:\/\/revista.conr-bo.com\/revconr\/wp-content\/uploads\/2025\/03\/VOL-5-NUM-1-2023-UL-1586x2048.jpg 1586w, https:\/\/revista.conr-bo.com\/revconr\/wp-content\/uploads\/2025\/03\/VOL-5-NUM-1-2023-UL-scaled.jpg 1982w\" sizes=\"auto, (max-width: 793px) 100vw, 793px\" \/><span aria-hidden=\"true\" class=\"wp-block-cover__background has-background-dim wp-block-cover__gradient-background has-background-gradient has-gradient-1-gradient-background\"><\/span><div class=\"wp-block-cover__inner-container has-global-padding is-layout-constrained wp-block-cover-is-layout-constrained\">\n<figure class=\"wp-block-image alignright size-full is-resized\"><a href=\"#\"><img decoding=\"async\" src=\"https:\/\/revista.conr-bo.com\/revconr\/wp-content\/themes\/biz-flick\/assets\/images\/arrow.png\" alt=\"\" class=\"wp-image-7\" style=\"width:65px\"\/><\/a><\/figure>\n<\/div><\/div>\n<\/div>\n\n\n\n<div class=\"wp-block-column is-vertically-aligned-center wow animate__animated animate__fadeInUp has-global-padding is-layout-constrained wp-block-column-is-layout-constrained\">\n<h2 class=\"wp-block-heading has-text-align-left has-heading-extra-style has-base-2-color has-text-color has-link-color wp-elements-eb84ee9732b31b3638c55d00f69a6b28\" style=\"font-size:clamp(14px, 0.875rem + ((1vw - 3.2px) * 0.37), 18px);font-style:normal;font-weight:900;line-height:1.4\">Editorial<\/h2>\n\n\n\n<p class=\"has-text-align-left\">Microbiota intestinal. Un indicador que repercute en la salud humana<\/p>\n\n\n\n<p class=\"has-text-align-left\">Gloria Libertad Condori Huanca&nbsp; (Autor\/a)<\/p>\n\n\n\n\n\n\n\n<h2 class=\"wp-block-heading has-text-align-left has-heading-extra-style has-base-2-color has-text-color has-link-color wp-elements-b2d5b54cd41997c53afe23902b231a75\" style=\"font-size:clamp(14px, 0.875rem + ((1vw - 3.2px) * 0.37), 18px);font-style:normal;font-weight:900;line-height:1.4\">Nota de Investigaci\u00f3n<\/h2>\n\n\n\n<p>S\u00edndrome de Burnout y factores asociados en el personal de salud del Hospital Universitario Japon\u00e9s de Santa Cruz de la Sierra durante la gesti\u00f3n 2021<\/p>\n\n\n\n<p>Noelia Huaygua Cayoja , Gloria Libertad Condori Huanca, Lizeth Milenca Huayhua , Mireya Ortu\u00f1o Ovando , Mara Virginia Luna Ponce (Autor\/a)<\/p>\n\n\n\n<p>4-12<\/p>\n\n\n\n\n\n<p>Conocimiento de las madres sobre la vacuna BCG para la prevenci\u00f3n de tuberculosis<\/p>\n\n\n\n<p>Karen Vanessa Medina Guallpa , Carmen Marlene Salguero Fiallos (Autor\/a)<\/p>\n\n\n\n<p>13-20<\/p>\n\n\n\n\n\n\n\n<h2 class=\"wp-block-heading has-text-align-left has-heading-extra-style has-base-2-color has-text-color has-link-color wp-elements-cdc8afdff2a4afdb8eadaa67814b1655\" style=\"font-size:clamp(14px, 0.875rem + ((1vw - 3.2px) * 0.37), 18px);font-style:normal;font-weight:900;line-height:1.4\">Cartas al editor<\/h2>\n\n\n\n<p>Abordaje fisioterap\u00e9utico en pacientes post-COVID internados en UTI. Un rol a ser considerar en el equipo m\u00e9dico-enfermer\u00eda<\/p>\n\n\n\n<p>Gloria Libertad Condori Huanca (Autor\/a)<\/p>\n\n\n\n<p>21-24<\/p>\n\n\n\n\n\n<ul style=\"margin-top:var(--wp--preset--spacing--20);margin-bottom:var(--wp--preset--spacing--20);line-height:1.6\" class=\"wp-block-list is-style-checkmark-list\">\n<li><\/li>\n<\/ul>\n\n\n\n<div class=\"wp-block-buttons is-content-justification-left is-layout-flex wp-container-core-buttons-is-layout-63087798 wp-block-buttons-is-layout-flex\" style=\"padding-top:var(--wp--preset--spacing--20);padding-bottom:0\">\n<div class=\"wp-block-button has-arrow-right\"><a class=\"wp-block-button__link has-gradient-2-gradient-background has-background wp-element-button\" style=\"border-style:none;border-width:0px;border-radius:6px;padding-top:var(--wp--preset--spacing--10);padding-right:var(--wp--preset--spacing--30);padding-bottom:var(--wp--preset--spacing--10);padding-left:var(--wp--preset--spacing--30)\">Ver Todos los N\u00fameros <img decoding=\"async\" class=\"wp-image-7\" style=\"width: 16px;\" src=\"https:\/\/revista.conr-bo.com\/revconr\/wp-content\/themes\/biz-flick\/assets\/images\/arrow.png\" alt=\"\"><\/a><\/div>\n\n\n\n<div class=\"wp-block-button has-arrow-right\"><a class=\"wp-block-button__link has-base-2-color has-gradient-3-gradient-background has-text-color has-background has-link-color wp-element-button\" style=\"border-style:none;border-width:0px;border-radius:6px;padding-top:var(--wp--preset--spacing--10);padding-right:var(--wp--preset--spacing--30);padding-bottom:var(--wp--preset--spacing--10);padding-left:var(--wp--preset--spacing--30)\">Inicio<img decoding=\"async\" class=\"wp-image-7\" style=\"width: 16px;\" src=\"https:\/\/revista.conr-bo.com\/revconr\/wp-content\/themes\/biz-flick\/assets\/images\/arrow.png\" alt=\"\"><\/a><\/div>\n<\/div>\n<\/div>\n<\/div>\n<\/main>\n","protected":false},"excerpt":{"rendered":"<p>Editorial Microbiota intestinal. Un indicador que repercute en la salud humana Gloria Libertad Condori Huanca&nbsp; (Autor\/a) Nota de Investigaci\u00f3n S\u00edndrome de Burnout y factores asociados en el personal de salud del Hospital Universitario Japon\u00e9s de Santa Cruz de la Sierra durante la gesti\u00f3n 2021 Noelia Huaygua Cayoja , Gloria Libertad Condori Huanca, Lizeth Milenca Huayhua [&hellip;]<\/p>\n","protected":false},"author":1,"featured_media":0,"parent":0,"menu_order":0,"comment_status":"closed","ping_status":"closed","template":"","meta":{"pagelayer_contact_templates":[],"_pagelayer_content":"","footnotes":""},"wf_page_folders":[14],"class_list":["post-372","page","type-page","status-publish","hentry"],"_links":{"self":[{"href":"https:\/\/revista.conr-bo.com\/revconr\/wp-json\/wp\/v2\/pages\/372","targetHints":{"allow":["GET"]}}],"collection":[{"href":"https:\/\/revista.conr-bo.com\/revconr\/wp-json\/wp\/v2\/pages"}],"about":[{"href":"https:\/\/revista.conr-bo.com\/revconr\/wp-json\/wp\/v2\/types\/page"}],"author":[{"embeddable":true,"href":"https:\/\/revista.conr-bo.com\/revconr\/wp-json\/wp\/v2\/users\/1"}],"replies":[{"embeddable":true,"href":"https:\/\/revista.conr-bo.com\/revconr\/wp-json\/wp\/v2\/comments?post=372"}],"version-history":[{"count":13,"href":"https:\/\/revista.conr-bo.com\/revconr\/wp-json\/wp\/v2\/pages\/372\/revisions"}],"predecessor-version":[{"id":525,"href":"https:\/\/revista.conr-bo.com\/revconr\/wp-json\/wp\/v2\/pages\/372\/revisions\/525"}],"wp:attachment":[{"href":"https:\/\/revista.conr-bo.com\/revconr\/wp-json\/wp\/v2\/media?parent=372"}],"wp:term":[{"taxonomy":"wf_page_folders","embeddable":true,"href":"https:\/\/revista.conr-bo.com\/revconr\/wp-json\/wp\/v2\/wf_page_folders?post=372"}],"curies":[{"name":"wp","href":"https:\/\/api.w.org\/{rel}","templated":true}]}}