{"id":762,"date":"2025-06-27T16:34:28","date_gmt":"2025-06-27T20:34:28","guid":{"rendered":"https:\/\/revista.conr-bo.com\/revconr\/?page_id=762"},"modified":"2025-06-30T12:12:46","modified_gmt":"2025-06-30T16:12:46","slug":"publicado-diciembre-2019-vol1-num2","status":"publish","type":"page","link":"https:\/\/revista.conr-bo.com\/revconr\/publicado-diciembre-2019-vol1-num2\/","title":{"rendered":"Publicado  Diciembre 2019 VOL1 NUM2"},"content":{"rendered":"\n<main class=\"wp-block-group has-gradient-1-gradient-background has-background has-global-padding is-layout-constrained wp-container-core-group-is-layout-54e30b29 wp-block-group-is-layout-constrained\" style=\"margin-top:0;margin-bottom:0;padding-top:0;padding-right:var(--wp--preset--spacing--10);padding-bottom:0;padding-left:var(--wp--preset--spacing--10)\">\n<div class=\"wp-block-columns are-vertically-aligned-center is-layout-flex wp-container-core-columns-is-layout-7fc3d43a wp-block-columns-is-layout-flex\">\n<div class=\"wp-block-column is-vertically-aligned-center wow animate__animated animate__fadeInUp is-layout-flow wp-block-column-is-layout-flow\">\n<div class=\"wp-block-cover has-custom-content-position is-position-bottom-right has-hover-effect remove-duotone has-border-color\" style=\"border-color:#fafafa6e;border-width:3px;border-radius:8px;min-height:816px;aspect-ratio:unset;\"><img loading=\"lazy\" decoding=\"async\" width=\"990\" height=\"1280\" class=\"wp-block-cover__image-background wp-image-432 size-full\" alt=\"\" src=\"https:\/\/revista.conr-bo.com\/revconr\/wp-content\/uploads\/2025\/04\/Vol.-1-Num.-2-2019.jpg\" data-object-fit=\"cover\" srcset=\"https:\/\/revista.conr-bo.com\/revconr\/wp-content\/uploads\/2025\/04\/Vol.-1-Num.-2-2019.jpg 990w, https:\/\/revista.conr-bo.com\/revconr\/wp-content\/uploads\/2025\/04\/Vol.-1-Num.-2-2019-232x300.jpg 232w, https:\/\/revista.conr-bo.com\/revconr\/wp-content\/uploads\/2025\/04\/Vol.-1-Num.-2-2019-792x1024.jpg 792w, https:\/\/revista.conr-bo.com\/revconr\/wp-content\/uploads\/2025\/04\/Vol.-1-Num.-2-2019-768x993.jpg 768w\" sizes=\"auto, (max-width: 990px) 100vw, 990px\" \/><span aria-hidden=\"true\" class=\"wp-block-cover__background has-background-dim wp-block-cover__gradient-background has-background-gradient has-gradient-1-gradient-background\"><\/span><div class=\"wp-block-cover__inner-container has-global-padding is-layout-constrained wp-block-cover-is-layout-constrained\">\n<figure class=\"wp-block-image alignright size-full is-resized\"><a href=\"#\"><img decoding=\"async\" src=\"https:\/\/revista.conr-bo.com\/revconr\/wp-content\/themes\/biz-flick\/assets\/images\/arrow.png\" alt=\"\" class=\"wp-image-7\" style=\"width:65px\"\/><\/a><\/figure>\n<\/div><\/div>\n<\/div>\n\n\n\n<div class=\"wp-block-column is-vertically-aligned-center wow animate__animated animate__fadeInUp has-global-padding is-layout-constrained wp-block-column-is-layout-constrained\">\n<h2 class=\"wp-block-heading has-text-align-left has-heading-extra-style has-base-2-color has-text-color has-link-color wp-elements-eb84ee9732b31b3638c55d00f69a6b28\" style=\"font-size:clamp(14px, 0.875rem + ((1vw - 3.2px) * 0.37), 18px);font-style:normal;font-weight:900;line-height:1.4\">Editorial<\/h2>\n\n\n\n<p class=\"has-text-align-left\"><a href=\"https:\/\/revista.conr-bo.com\/revconr\/editorial-9\/\">Escribir o no escribir un dilema en la profesi\u00f3n y el ejerci\u00f3 profesional<\/a><\/p>\n\n\n\n<p class=\"has-text-align-left\">Roberto Carlos Collao Mamani (Autor\/a)<\/p>\n\n\n\n<p>22<\/p>\n\n\n\n\n\n\n\n<h2 class=\"wp-block-heading has-text-align-left has-heading-extra-style has-base-2-color has-text-color has-link-color wp-elements-fcfe194e030689edcc8bcbcdb814d9c8\" style=\"font-size:clamp(14px, 0.875rem + ((1vw - 3.2px) * 0.37), 18px);font-style:normal;font-weight:900;line-height:1.4\">T\u00f3picos especiales<\/h2>\n\n\n\n<p><a href=\"https:\/\/revista.conr-bo.com\/revconr\/topicos-especiales\/\">Incremento de peso corporal como factor de riesgo en la hipertensi\u00f3n inducida por el embarazo<\/a><\/p>\n\n\n\n<p>Claudina Laura de Cuevas, Victoria Valencia Yana (Autor\/a)<\/p>\n\n\n\n<p>23-27<\/p>\n\n\n\n\n\n\n\n<h2 class=\"wp-block-heading has-text-align-left has-heading-extra-style has-base-2-color has-text-color has-link-color wp-elements-02828e31ed9fc00ee2dda0056f84c5b7\" style=\"font-size:clamp(14px, 0.875rem + ((1vw - 3.2px) * 0.37), 18px);font-style:normal;font-weight:900;line-height:1.4\">Nota de investigaci\u00f3n<\/h2>\n\n\n\n<p><a href=\"https:\/\/revista.conr-bo.com\/revconr\/nota-de-investigacion-9\/\">Intoxicaci\u00f3n por sulfato ferroso en paciente pedi\u00e1trico. Una problem\u00e1tica por resolver<\/a><\/p>\n\n\n\n<p>Mar\u00eda Luisa Rodr\u00edguez Andrade, Marisol Santusa Choque Paxipati (Autor\/a)<\/p>\n\n\n\n<p>28-31<\/p>\n\n\n\n\n\n<div class=\"wp-block-buttons is-content-justification-left is-layout-flex wp-container-core-buttons-is-layout-63087798 wp-block-buttons-is-layout-flex\" style=\"padding-top:var(--wp--preset--spacing--20);padding-bottom:0\">\n<div class=\"wp-block-button has-arrow-right\"><a class=\"wp-block-button__link has-gradient-2-gradient-background has-background wp-element-button\" style=\"border-style:none;border-width:0px;border-radius:6px;padding-top:var(--wp--preset--spacing--10);padding-right:var(--wp--preset--spacing--30);padding-bottom:var(--wp--preset--spacing--10);padding-left:var(--wp--preset--spacing--30)\">Ver Todos los N\u00fameros <img decoding=\"async\" class=\"wp-image-7\" style=\"width: 16px;\" src=\"https:\/\/revista.conr-bo.com\/revconr\/wp-content\/themes\/biz-flick\/assets\/images\/arrow.png\" alt=\"\"><\/a><\/div>\n\n\n\n<div class=\"wp-block-button has-arrow-right\"><a class=\"wp-block-button__link has-base-2-color has-gradient-3-gradient-background has-text-color has-background has-link-color wp-element-button\" style=\"border-style:none;border-width:0px;border-radius:6px;padding-top:var(--wp--preset--spacing--10);padding-right:var(--wp--preset--spacing--30);padding-bottom:var(--wp--preset--spacing--10);padding-left:var(--wp--preset--spacing--30)\">Inicio<img decoding=\"async\" class=\"wp-image-7\" style=\"width: 16px;\" src=\"https:\/\/revista.conr-bo.com\/revconr\/wp-content\/themes\/biz-flick\/assets\/images\/arrow.png\" alt=\"\"><\/a><\/div>\n<\/div>\n<\/div>\n<\/div>\n<\/main>\n","protected":false},"excerpt":{"rendered":"<p>Editorial Escribir o no escribir un dilema en la profesi\u00f3n y el ejerci\u00f3 profesional Roberto Carlos Collao Mamani (Autor\/a) 22 T\u00f3picos especiales Incremento de peso corporal como factor de riesgo en la hipertensi\u00f3n inducida por el embarazo Claudina Laura de Cuevas, Victoria Valencia Yana (Autor\/a) 23-27 Nota de investigaci\u00f3n Intoxicaci\u00f3n por sulfato ferroso en paciente [&hellip;]<\/p>\n","protected":false},"author":1,"featured_media":0,"parent":0,"menu_order":0,"comment_status":"closed","ping_status":"closed","template":"","meta":{"pagelayer_contact_templates":[],"_pagelayer_content":"","footnotes":""},"wf_page_folders":[22],"class_list":["post-762","page","type-page","status-publish","hentry"],"_links":{"self":[{"href":"https:\/\/revista.conr-bo.com\/revconr\/wp-json\/wp\/v2\/pages\/762","targetHints":{"allow":["GET"]}}],"collection":[{"href":"https:\/\/revista.conr-bo.com\/revconr\/wp-json\/wp\/v2\/pages"}],"about":[{"href":"https:\/\/revista.conr-bo.com\/revconr\/wp-json\/wp\/v2\/types\/page"}],"author":[{"embeddable":true,"href":"https:\/\/revista.conr-bo.com\/revconr\/wp-json\/wp\/v2\/users\/1"}],"replies":[{"embeddable":true,"href":"https:\/\/revista.conr-bo.com\/revconr\/wp-json\/wp\/v2\/comments?post=762"}],"version-history":[{"count":5,"href":"https:\/\/revista.conr-bo.com\/revconr\/wp-json\/wp\/v2\/pages\/762\/revisions"}],"predecessor-version":[{"id":783,"href":"https:\/\/revista.conr-bo.com\/revconr\/wp-json\/wp\/v2\/pages\/762\/revisions\/783"}],"wp:attachment":[{"href":"https:\/\/revista.conr-bo.com\/revconr\/wp-json\/wp\/v2\/media?parent=762"}],"wp:term":[{"taxonomy":"wf_page_folders","embeddable":true,"href":"https:\/\/revista.conr-bo.com\/revconr\/wp-json\/wp\/v2\/wf_page_folders?post=762"}],"curies":[{"name":"wp","href":"https:\/\/api.w.org\/{rel}","templated":true}]}}